{"id":201,"date":"2014-09-04T16:27:20","date_gmt":"2014-09-04T14:27:20","guid":{"rendered":"http:\/\/www.chromatrix.com\/wordpress\/?page_id=201"},"modified":"2014-11-30T15:01:47","modified_gmt":"2014-11-30T13:01:47","slug":"ruestungen-de","status":"publish","type":"page","link":"https:\/\/www.chromatrix.com\/wordpress\/ruestungen-de\/","title":{"rendered":"R\u00fcstungen"},"content":{"rendered":"<div id=\"pl-201\"  class=\"panel-layout\" ><div id=\"pg-201-0\"  class=\"panel-grid panel-no-style\" ><div id=\"pgc-201-0-0\"  class=\"panel-grid-cell\" ><div id=\"panel-201-0-0-0\" class=\"so-panel widget widget_black-studio-tinymce widget_black_studio_tinymce panel-first-child panel-last-child\" data-index=\"0\" ><h3 class=\"widget-title\">R\u00fcstungen<\/h3><div class=\"textwidget\"><p><span style=\"color: #454545;\">Die vorgestellten R\u00fcstungen entsprechen in ihrer bildlichen Darstellung den Modellen f\u00fcr Menschen. Es gibt auch entsprechende Anfertigungen f\u00fcr Zwerge und Goblins. Diese w\u00fcrden zwar weniger wiegen, aber Regeln zur Tragkraft spielen bei DSA-Soloabenteuern keine Rolle. Auch Helme und zus\u00e4tzliche R\u00fcstungsteile sind nicht integriert, da dies den Rahmen sprengen w\u00fcrde.<\/span><\/p>\n<p><span style=\"color: #454545;\">R\u00fcstungen bieten Schutz vor der Schadenswirkung von Treffern: siehe<\/span> <a title=\"Kampfsystem\" href=\"http:\/\/www.chromatrix.com\/wordpress\/kampfsystem#Kampf_Ruest\"><strong><span style=\"color: #333333;\">R\u00fcstungsschutz (RS) <\/span><\/strong><\/a><strong><a href=\"http:\/\/www.chromatrix.com\/wordpress\/dsa-games\"><span style=\"color: #000000;\"><strong>\u00bb<\/strong><\/span><\/a><\/strong><\/p>\n<p><span style=\"color: #454545;\">Allerdings muss ein K\u00e4mpfer durch eine getragene R\u00fcstung im Gegenzug auch Einschr\u00e4nkungen durch<\/span> <a title=\"Kampfsystem\" href=\"http:\/\/www.chromatrix.com\/wordpress\/kampfsystem#Kampf_Behi\"><span style=\"color: #333333;\"><strong>Behinderung (BE)\u00a0<\/strong><\/span><\/a><strong><a href=\"http:\/\/www.chromatrix.com\/wordpress\/dsa-games\"><span style=\"color: #000000;\"><strong>\u00bb<\/strong><\/span><\/a> <\/strong><span style=\"color: #454545;\">in Kauf nehmen.<\/span><\/p>\n<p><span style=\"color: #454545;\">Dein Held kann mehrere R\u00fcstungen besitzen, aber immer nur eine tragen.<\/span><\/p>\n<p><span style=\"color: #454545;\">Mit jedem Treffer, den eine R\u00fcstung einstecken muss, sinkt ihr<\/span> <strong><span style=\"color: #333333;\">Strukturwert (SW)<\/span><\/strong>. <span style=\"color: #454545;\">F\u00e4llt er auf Null, reduziert sich der R\u00fcstungsschutz (RS) um Eins. Der Strukturwert wird f\u00fcr jeden verbleibenden R\u00fcstungsschutzpunkt wiederum auf 50 gesetzt. E empfiehlt sich, ab diesem Zeitpunkt einen Waffenschmied aufzusuchen und die R\u00fcstung reparieren zu lassen. Die Werte in Klammer zeigen den kompletten Strukturwert einer R\u00fcstung an, bis sie total verschlissen ist.<\/span><\/p>\n<p>&nbsp;<\/p>\n<p><img loading=\"lazy\" decoding=\"async\" class=\"aligncenter wp-image-914 size-full\" src=\"http:\/\/www.chromatrix.com\/wordpress\/wp-content\/uploads\/2014\/09\/long.jpg\" alt=\"\" width=\"970\" height=\"3835\" srcset=\"https:\/\/www.chromatrix.com\/wordpress\/wp-content\/uploads\/2014\/09\/long.jpg 970w, https:\/\/www.chromatrix.com\/wordpress\/wp-content\/uploads\/2014\/09\/long-38x150.jpg 38w, https:\/\/www.chromatrix.com\/wordpress\/wp-content\/uploads\/2014\/09\/long-76x300.jpg 76w, https:\/\/www.chromatrix.com\/wordpress\/wp-content\/uploads\/2014\/09\/long-768x3036.jpg 768w, https:\/\/www.chromatrix.com\/wordpress\/wp-content\/uploads\/2014\/09\/long-259x1024.jpg 259w\" sizes=\"auto, (max-width: 970px) 100vw, 970px\" \/><\/p>\n<p>&nbsp;<\/p>\n<hr \/>\n<p>&nbsp;<\/p>\n<h4>Schilde<\/h4>\n<p><span style=\"color: #ffffff;\"><span style=\"color: #454545;\">Ein Schild verbessert den<\/span><a href=\"\/wordpress\/kampfsystem-de\/#Kampf_Parade\"><strong><span style=\"color: #333333;\"> Parade-Wert <\/span><\/strong><strong><span style=\"color: #000000;\"><strong>\u00bb<\/strong><\/span><\/strong><\/a><\/span>.<span style=\"color: #454545;\"> Da ein K\u00e4mpfer typischerweise die Parade nicht mehr mit der Waffe ausf\u00fchrt, sondern mit dem Schild, wird der PA-Waffenmodifikator direkt zum Parade-Basiswert des Helden addiert. Der PA-Anteil des Talentwerts des Waffentyps wird au\u00dfer Acht gelassen. Allerdings gibt es bei einem hohen Waffen-Paradewert einen kleinen Bonus von +1 bei &gt;= PA &gt;= 15, +2 bei &gt;= PA 18 oder +3 bei PA &gt;= 21. Durch<\/span> <a title=\"Kampfsystem\" href=\"http:\/\/www.chromatrix.com\/wordpress\/kampfsystem#Kampf_Link\"><span style=\"color: #333333;\"><strong><span style=\"color: #333333;\">Linkhand und Schildkampf I und II\u00a0<\/span><\/strong><\/span><\/a><strong><a href=\"http:\/\/www.chromatrix.com\/wordpress\/dsa-games\"><span style=\"color: #000000;\"><strong>\u00bb<\/strong><\/span><\/a><\/strong><span style=\"color: #454545;\"> kann ein Held weitere Bonus-Punkte auf den Parade-Wert erhalten.<\/span><\/p>\n<p><span style=\"color: #454545;\">Allerdings reduziert ein Schild den Attacke-Wert und die Initiative, da es an der Agilit\u00e4t eines K\u00e4mpfers nagt.<\/span><\/p>\n<p>&nbsp;<\/p>\n<p><img loading=\"lazy\" decoding=\"async\" class=\"aligncenter wp-image-455 size-full\" src=\"http:\/\/www.chromatrix.com\/wordpress\/wp-content\/uploads\/2014\/09\/Schilde1.jpg\" alt=\"Schilde\" width=\"970\" height=\"1036\" srcset=\"https:\/\/www.chromatrix.com\/wordpress\/wp-content\/uploads\/2014\/09\/Schilde1.jpg 970w, https:\/\/www.chromatrix.com\/wordpress\/wp-content\/uploads\/2014\/09\/Schilde1-140x150.jpg 140w, https:\/\/www.chromatrix.com\/wordpress\/wp-content\/uploads\/2014\/09\/Schilde1-281x300.jpg 281w, https:\/\/www.chromatrix.com\/wordpress\/wp-content\/uploads\/2014\/09\/Schilde1-768x820.jpg 768w, https:\/\/www.chromatrix.com\/wordpress\/wp-content\/uploads\/2014\/09\/Schilde1-959x1024.jpg 959w, https:\/\/www.chromatrix.com\/wordpress\/wp-content\/uploads\/2014\/09\/Schilde1-449x480.jpg 449w\" sizes=\"auto, (max-width: 970px) 100vw, 970px\" \/><\/p>\n<p>&nbsp;<\/p>\n<hr \/>\n<p>&nbsp;<\/p>\n<h4>Parierwaffen<\/h4>\n<p><span style=\"color: #ffffff;\"><span style=\"color: #454545;\">Um eine Parierwaffe einsetzen zu k\u00f6nnen, ist die Sonderfertigkeit<\/span> <strong><span style=\"color: #333333;\">Linkhand<\/span><\/strong><span style=\"color: #454545;\"> Voraussetzung. Eine Parierwaffe besitzt einen PA-Waffenmodifikator, der angibt, wie viele Punkte auf den PA-Wert addiert werden d\u00fcrfen, um wie viele Punkte der AT-Wert der Parierwaffe und der INI-Wert sinken. (Es wird also im Gegensatz zu Schilden nicht der AT-Wert der Waffe modifiziert. Zurzeit k\u00f6nnen Parierwaffen jedoch im Spiel nicht f\u00fcr eigene Attacken eingesetzt werden. Der AT- Waffenmodifikator hat zurzeit also keine Bedeutung. M\u00f6glicherweise wird das Kampfsystem in Zukunft erg\u00e4nzt. Diese Feststellung ist unverbindlich.)<\/span><\/span><\/p>\n<p><span style=\"color: #ffffff;\"><span style=\"color: #454545;\">Im Gegensatz zu Schilden wird der PA-Wert der Waffe aus PA-Basiswert plus PA-Kampftalentanteil f\u00fcr den Parierwaffeneinsatz benutzt. In Verbindung mit den Sonderfertigkeiten ergibt sich dann mit<\/span> <strong><span style=\"color: #333333;\">Linkhand -4, Parierwaffe I -1 und Parierwaffe II +2.<\/span><\/strong><\/span><\/p>\n<p><span style=\"color: #ffffff;\"><span style=\"color: #454545;\">Auch wenn das F\u00fchren einer Parierwaffe ohne die Sonderfertigkeit<\/span> <strong><span style=\"color: #333333;\">Parierwaffen II<\/span><\/strong><span style=\"color: #454545;\"> dadurch Nachteile auf den PA-Wert bringt wenn PA-WM der Parierwaffe nicht positiv ist, hat es doch auch den Vorteil, dass die Waffe keinen Schaden bei einer Bruchfaktor-Probe nehmen kann, da dieser auf die Parierwaffe wirkt.<\/span><\/span><\/p>\n<p><span style=\"color: #454545;\">\u00a0<\/span><\/p>\n<p><img loading=\"lazy\" decoding=\"async\" class=\"aligncenter size-full wp-image-454\" src=\"http:\/\/www.chromatrix.com\/wordpress\/wp-content\/uploads\/2014\/09\/parry1.jpg\" alt=\"parry\" width=\"970\" height=\"295\" srcset=\"https:\/\/www.chromatrix.com\/wordpress\/wp-content\/uploads\/2014\/09\/parry1.jpg 970w, https:\/\/www.chromatrix.com\/wordpress\/wp-content\/uploads\/2014\/09\/parry1-150x46.jpg 150w, https:\/\/www.chromatrix.com\/wordpress\/wp-content\/uploads\/2014\/09\/parry1-300x91.jpg 300w, https:\/\/www.chromatrix.com\/wordpress\/wp-content\/uploads\/2014\/09\/parry1-768x234.jpg 768w, https:\/\/www.chromatrix.com\/wordpress\/wp-content\/uploads\/2014\/09\/parry1-480x146.jpg 480w\" sizes=\"auto, (max-width: 970px) 100vw, 970px\" \/><\/p>\n<p>&nbsp;<\/p>\n<hr \/>\n<p>&nbsp;<\/p>\n<\/div><\/div><\/div><\/div><div id=\"pg-201-1\"  class=\"panel-grid panel-no-style\" ><div id=\"pgc-201-1-0\"  class=\"panel-grid-cell panel-grid-cell-empty\" ><\/div><\/div><div id=\"pg-201-2\"  class=\"panel-grid panel-no-style\" ><div id=\"pgc-201-2-0\"  class=\"panel-grid-cell\" ><div id=\"panel-201-2-0-0\" class=\"so-panel widget widget_black-studio-tinymce widget_black_studio_tinymce panel-first-child panel-last-child\" data-index=\"1\" ><div class=\"textwidget\"><h4 style=\"text-align: center;\"><a href=\"\/wordpress\/dsa-games-de\/\"><img loading=\"lazy\" decoding=\"async\" class=\"aligncenter wp-image-1640\" src=\"http:\/\/www.chromatrix.com\/wordpress\/wp-content\/uploads\/2014\/11\/DSA-Games.jpg\" alt=\"\" width=\"72\" height=\"72\" srcset=\"https:\/\/www.chromatrix.com\/wordpress\/wp-content\/uploads\/2014\/11\/DSA-Games.jpg 163w, https:\/\/www.chromatrix.com\/wordpress\/wp-content\/uploads\/2014\/11\/DSA-Games-150x150.jpg 150w, https:\/\/www.chromatrix.com\/wordpress\/wp-content\/uploads\/2014\/11\/DSA-Games-157x157.jpg 157w\" sizes=\"auto, (max-width: 72px) 100vw, 72px\" \/><\/a><\/h4>\n<h4 style=\"text-align: center;\"><a href=\"\/wordpress\/dsa-games-de\/\"><span style=\"color: #000000;\"><span style=\"color: #000000;\"><strong>DSA-Hauptseite \u00bb<\/strong><\/span><\/span><\/a><\/h4>\n<p style=\"text-align: center;\"><span style=\"color: #333333;\">Hier kommst du zur DSA Startseite zur\u00fcck und erf\u00e4hrst <\/span><br \/><span style=\"color: #333333;\">mehr \u00fcber die Welt.<a href=\"\/wordpress\/dsa-games-de\/\"><span style=\"color: #333333;\"> \u00bb<\/span><\/a><\/span><\/p>\n<p style=\"text-align: center;\">\u00a0<\/p>\n<\/div><\/div><\/div><div id=\"pgc-201-2-1\"  class=\"panel-grid-cell\" ><div id=\"panel-201-2-1-0\" class=\"so-panel widget widget_black-studio-tinymce widget_black_studio_tinymce panel-first-child panel-last-child\" data-index=\"2\" ><div class=\"textwidget\"><h4 style=\"text-align: center;\"><a href=\"\/wordpress\/archetypen\"><img loading=\"lazy\" decoding=\"async\" class=\"aligncenter wp-image-835\" src=\"http:\/\/www.chromatrix.com\/wordpress\/wp-content\/uploads\/2014\/09\/ArchetypenIcon.jpg\" alt=\"ArchetypenIcon\" width=\"72\" height=\"72\" srcset=\"https:\/\/www.chromatrix.com\/wordpress\/wp-content\/uploads\/2014\/09\/ArchetypenIcon.jpg 178w, https:\/\/www.chromatrix.com\/wordpress\/wp-content\/uploads\/2014\/09\/ArchetypenIcon-150x150.jpg 150w, https:\/\/www.chromatrix.com\/wordpress\/wp-content\/uploads\/2014\/09\/ArchetypenIcon-157x157.jpg 157w\" sizes=\"auto, (max-width: 72px) 100vw, 72px\" \/><\/a><br \/> <span style=\"color: #000000;\"><a href=\"\/wordpress\/archetypen\"><span style=\"color: #000000;\"><strong>Archetypen \u00bb<\/strong><\/span><\/a><\/span><\/h4>\n<p style=\"text-align: center;\"><span style=\"color: #333333;\">Hier kannst du mehr \u00fcber die verschiedenen Archetypen <\/span><br \/><span style=\"color: #333333;\">des DSA-Games herausfinden.<strong><a href=\"\/wordpress\/archetypen\"><span style=\"color: #333333;\"> \u00bb<\/span><\/a><\/strong><\/span><\/p>\n<p style=\"text-align: center;\">\u00a0<\/p>\n<\/div><\/div><\/div><div id=\"pgc-201-2-2\"  class=\"panel-grid-cell\" ><div id=\"panel-201-2-2-0\" class=\"so-panel widget widget_black-studio-tinymce widget_black_studio_tinymce panel-first-child panel-last-child\" data-index=\"3\" ><div class=\"textwidget\"><h4 style=\"text-align: center;\"><a href=\"\/wordpress\/eigenschaften\"><img loading=\"lazy\" decoding=\"async\" class=\"aligncenter wp-image-837\" src=\"http:\/\/www.chromatrix.com\/wordpress\/wp-content\/uploads\/2014\/09\/EigenschaftenIcon.jpg\" alt=\"\" width=\"72\" height=\"72\" srcset=\"https:\/\/www.chromatrix.com\/wordpress\/wp-content\/uploads\/2014\/09\/EigenschaftenIcon.jpg 178w, https:\/\/www.chromatrix.com\/wordpress\/wp-content\/uploads\/2014\/09\/EigenschaftenIcon-150x150.jpg 150w, https:\/\/www.chromatrix.com\/wordpress\/wp-content\/uploads\/2014\/09\/EigenschaftenIcon-157x157.jpg 157w\" sizes=\"auto, (max-width: 72px) 100vw, 72px\" \/><\/a><br \/> <a href=\"\/wordpress\/eigenschaften\"><span style=\"color: #000000;\"><span style=\"color: #000000;\"><strong>Eigenschaften \u00bb<\/strong><\/span><\/span><\/a><\/h4>\n<p style=\"text-align: center;\"><span style=\"color: #333333;\">Hier erf\u00e4hrst du mehr \u00fcber die unterschiedlichen<br \/> Eigenschaften von DSA.<a href=\"\/wordpress\/eigenschaften\"><span style=\"color: #333333;\"> \u00bb<\/span><\/a><\/span><\/p>\n<\/div><\/div><\/div><\/div><div id=\"pg-201-3\"  class=\"panel-grid panel-no-style\" ><div id=\"pgc-201-3-0\"  class=\"panel-grid-cell\" ><div id=\"panel-201-3-0-0\" class=\"so-panel widget widget_black-studio-tinymce widget_black_studio_tinymce panel-first-child panel-last-child\" data-index=\"4\" ><div class=\"textwidget\"><h4 style=\"text-align: center;\"><a href=\"\/wordpress\/talente-de\/\"><img loading=\"lazy\" decoding=\"async\" class=\"aligncenter wp-image-840\" src=\"http:\/\/www.chromatrix.com\/wordpress\/wp-content\/uploads\/2014\/09\/TalenteIcon.jpg\" alt=\"\" width=\"72\" height=\"72\" srcset=\"https:\/\/www.chromatrix.com\/wordpress\/wp-content\/uploads\/2014\/09\/TalenteIcon.jpg 179w, https:\/\/www.chromatrix.com\/wordpress\/wp-content\/uploads\/2014\/09\/TalenteIcon-150x150.jpg 150w, https:\/\/www.chromatrix.com\/wordpress\/wp-content\/uploads\/2014\/09\/TalenteIcon-157x157.jpg 157w\" sizes=\"auto, (max-width: 72px) 100vw, 72px\" \/><\/a><br \/> <a href=\"\/wordpress\/talente-de\/\"><span style=\"color: #000000;\"><span style=\"color: #000000;\"><strong>Talente \u00bb<\/strong><\/span><\/span><\/a><\/h4>\n<p style=\"text-align: center;\"><span style=\"color: #333333;\">Hier erf\u00e4hrst du mehr \u00fcber Talente und <\/span><br \/><span style=\"color: #333333;\">Sonderf\u00e4higkeiten der <\/span><span style=\"color: #000000;\"><span style=\"color: #333333;\">Klassen.<\/span><a href=\"\/wordpress\/talente-de\/\"><strong><span style=\"color: #000000;\"> \u00bb<\/span><\/strong><\/a><\/span><\/p>\n<p style=\"text-align: center;\">\u00a0<\/p>\n<\/div><\/div><\/div><div id=\"pgc-201-3-1\"  class=\"panel-grid-cell\" ><div id=\"panel-201-3-1-0\" class=\"so-panel widget widget_black-studio-tinymce widget_black_studio_tinymce panel-first-child panel-last-child\" data-index=\"5\" ><div class=\"textwidget\"><h4 style=\"text-align: center;\"><a href=\"\/wordpress\/kampfsystem-de\/\"><img loading=\"lazy\" decoding=\"async\" class=\"aligncenter wp-image-1641\" src=\"http:\/\/www.chromatrix.com\/wordpress\/wp-content\/uploads\/2014\/11\/KampfsystemIcon.jpg\" alt=\"\" width=\"72\" height=\"72\" srcset=\"https:\/\/www.chromatrix.com\/wordpress\/wp-content\/uploads\/2014\/11\/KampfsystemIcon.jpg 177w, https:\/\/www.chromatrix.com\/wordpress\/wp-content\/uploads\/2014\/11\/KampfsystemIcon-150x150.jpg 150w, https:\/\/www.chromatrix.com\/wordpress\/wp-content\/uploads\/2014\/11\/KampfsystemIcon-157x157.jpg 157w\" sizes=\"auto, (max-width: 72px) 100vw, 72px\" \/><\/a><\/h4>\n<h4 style=\"text-align: center;\"><a href=\"\/wordpress\/kampfsystem\"><span style=\"color: #000000;\"><span style=\"color: #000000;\"><strong>Kampfsystem \u00bb<\/strong><\/span><\/span><\/a><\/h4>\n<p style=\"text-align: center;\"><span style=\"color: #333333;\">Hier kannst du mehr \u00fcber den Kampfverlauf und die<br \/> Kampfwerte herausfinden.<a href=\"\/wordpress\/kampfsystem\"><span style=\"color: #333333;\"> \u00bb<\/span><\/a><\/span> <\/p>\n<p style=\"text-align: center;\">\u00a0<\/p>\n<\/div><\/div><\/div><div id=\"pgc-201-3-2\"  class=\"panel-grid-cell\" ><div id=\"panel-201-3-2-0\" class=\"so-panel widget widget_black-studio-tinymce widget_black_studio_tinymce panel-first-child panel-last-child\" data-index=\"6\" ><div class=\"textwidget\"><h4 style=\"text-align: center;\"><a href=\"\/wordpress\/waffe-de\/\"><img loading=\"lazy\" decoding=\"async\" class=\"aligncenter wp-image-1644\" src=\"http:\/\/www.chromatrix.com\/wordpress\/wp-content\/uploads\/2014\/11\/WaffenIcon.jpg\" alt=\"\" width=\"72\" height=\"72\" srcset=\"https:\/\/www.chromatrix.com\/wordpress\/wp-content\/uploads\/2014\/11\/WaffenIcon.jpg 177w, https:\/\/www.chromatrix.com\/wordpress\/wp-content\/uploads\/2014\/11\/WaffenIcon-150x150.jpg 150w, https:\/\/www.chromatrix.com\/wordpress\/wp-content\/uploads\/2014\/11\/WaffenIcon-157x157.jpg 157w\" sizes=\"auto, (max-width: 72px) 100vw, 72px\" \/><\/a><\/h4>\n<h4 style=\"text-align: center;\"><a href=\"\/wordpress\/waffe\"><span style=\"color: #000000;\"><span style=\"color: #000000;\"><strong>Waffen \u00bb<\/strong><\/span><\/span><\/a><\/h4>\n<p style=\"text-align: center;\"><span style=\"color: #333333;\">Hier erf\u00e4hrst du mehr \u00fcber die unterschiedlichen <\/span><br \/><span style=\"color: #333333;\">Waffentypen von DSA.<a href=\"\/wordpress\/waffe\"><span style=\"color: #333333;\"> \u00bb<\/span><\/a><\/span><\/p>\n<\/div><\/div><\/div><\/div><div id=\"pg-201-4\"  class=\"panel-grid panel-no-style\" ><div id=\"pgc-201-4-0\"  class=\"panel-grid-cell panel-grid-cell-empty\" ><\/div><div id=\"pgc-201-4-1\"  class=\"panel-grid-cell panel-grid-cell-empty panel-grid-cell-mobile-last\" ><\/div><div id=\"pgc-201-4-2\"  class=\"panel-grid-cell panel-grid-cell-empty\" ><\/div><\/div><div id=\"pg-201-5\"  class=\"panel-grid panel-no-style\" ><div id=\"pgc-201-5-0\"  class=\"panel-grid-cell\" ><div id=\"panel-201-5-0-0\" class=\"so-panel widget widget_black-studio-tinymce widget_black_studio_tinymce panel-first-child panel-last-child\" data-index=\"7\" ><div class=\"textwidget\"><h4 style=\"text-align: center;\"><a href=\"\/wordpress\/titelbilder\"><img loading=\"lazy\" decoding=\"async\" class=\"aligncenter wp-image-841\" src=\"http:\/\/www.chromatrix.com\/wordpress\/wp-content\/uploads\/2014\/09\/TitelbilderIcon.jpg\" alt=\"\" width=\"72\" height=\"72\" srcset=\"https:\/\/www.chromatrix.com\/wordpress\/wp-content\/uploads\/2014\/09\/TitelbilderIcon.jpg 178w, https:\/\/www.chromatrix.com\/wordpress\/wp-content\/uploads\/2014\/09\/TitelbilderIcon-150x150.jpg 150w, https:\/\/www.chromatrix.com\/wordpress\/wp-content\/uploads\/2014\/09\/TitelbilderIcon-157x157.jpg 157w\" sizes=\"auto, (max-width: 72px) 100vw, 72px\" \/><\/a><br \/> <a href=\"\/wordpress\/titelbilder\"><span style=\"color: #000000;\"><span style=\"color: #000000;\"><strong>Titelbilder \u00bb<\/strong><\/span><\/span><\/a><\/h4>\n<p style=\"text-align: center;\"><span style=\"color: #333333;\">Hier kannst du dir die einzelnen Titelbilder der <\/span><br \/><span style=\"color: #333333;\">DSA-Game Abenteuer ansehen.<a href=\"\/wordpress\/titelbilder\"><span style=\"color: #333333;\"> \u00bb<\/span><\/a><\/span><\/p>\n<p style=\"text-align: center;\">\u00a0<\/p>\n<p style=\"text-align: center;\">\u00a0<\/p>\n<\/div><\/div><\/div><\/div><div id=\"pg-201-6\"  class=\"panel-grid panel-no-style\" ><div id=\"pgc-201-6-0\"  class=\"panel-grid-cell\" ><div id=\"panel-201-6-0-0\" class=\"so-panel widget widget_black-studio-tinymce widget_black_studio_tinymce panel-first-child\" data-index=\"8\" ><div class=\"textwidget\"><h4 style=\"text-align: center;\">\u00a0<\/h4>\n<p style=\"text-align: center;\"><strong>Hier kannst du das DSA-Game direkt ausprobieren!<\/strong><\/p>\n<\/div><\/div><div id=\"panel-201-6-0-1\" class=\"so-panel widget widget_origin_button panel-last-child\" data-index=\"9\" ><div class=\"origin-widget origin-widget-button origin-widget-button-simple-white align-center\"><a href=\"http:\/\/www.dsa-games.de\/\" \ntarget=\"_blank\" rel=\"noopener noreferrer\">\n\tZum DSA Spiel<\/a>\n<\/div><\/div><\/div><\/div><div id=\"pg-201-7\"  class=\"panel-grid panel-no-style\" ><div id=\"pgc-201-7-0\"  class=\"panel-grid-cell panel-grid-cell-empty\" ><\/div><\/div><\/div>","protected":false},"excerpt":{"rendered":"<p>R\u00fcstungenDie vorgestellten R\u00fcstungen entsprechen in ihrer bildlichen Darstellung den Modellen f\u00fcr Menschen. Es gibt auch entsprechende Anfertigungen f\u00fcr Zwerge und Goblins. Diese w\u00fcrden zwar weniger wiegen, aber Regeln zur Tragkraft spielen bei DSA-Soloabenteuern keine Rolle. Auch Helme und zus\u00e4tzliche R\u00fcstungsteile sind nicht integriert, da dies den Rahmen sprengen w\u00fcrde. R\u00fcstungen bieten Schutz vor der Schadenswirkung [&hellip;]<\/p>\n","protected":false},"author":1,"featured_media":0,"parent":0,"menu_order":0,"comment_status":"closed","ping_status":"closed","template":"templates\/template-full-notitle.php","meta":{"footnotes":"","_links_to":"","_links_to_target":""},"class_list":["post-201","page","type-page","status-publish","hentry","post"],"_links":{"self":[{"href":"https:\/\/www.chromatrix.com\/wordpress\/wp-json\/wp\/v2\/pages\/201","targetHints":{"allow":["GET"]}}],"collection":[{"href":"https:\/\/www.chromatrix.com\/wordpress\/wp-json\/wp\/v2\/pages"}],"about":[{"href":"https:\/\/www.chromatrix.com\/wordpress\/wp-json\/wp\/v2\/types\/page"}],"author":[{"embeddable":true,"href":"https:\/\/www.chromatrix.com\/wordpress\/wp-json\/wp\/v2\/users\/1"}],"replies":[{"embeddable":true,"href":"https:\/\/www.chromatrix.com\/wordpress\/wp-json\/wp\/v2\/comments?post=201"}],"version-history":[{"count":0,"href":"https:\/\/www.chromatrix.com\/wordpress\/wp-json\/wp\/v2\/pages\/201\/revisions"}],"wp:attachment":[{"href":"https:\/\/www.chromatrix.com\/wordpress\/wp-json\/wp\/v2\/media?parent=201"}],"curies":[{"name":"wp","href":"https:\/\/api.w.org\/{rel}","templated":true}]}}