{"id":189,"date":"2014-09-04T16:25:14","date_gmt":"2014-09-04T14:25:14","guid":{"rendered":"http:\/\/www.chromatrix.com\/wordpress\/?page_id=189"},"modified":"2014-12-04T19:59:48","modified_gmt":"2014-12-04T18:59:48","slug":"eigenschaften-de","status":"publish","type":"page","link":"https:\/\/www.chromatrix.com\/wordpress\/eigenschaften-de\/","title":{"rendered":"Eigenschaften"},"content":{"rendered":"<div id=\"pl-189\"  class=\"panel-layout\" ><div id=\"pg-189-0\"  class=\"panel-grid panel-no-style\" ><div id=\"pgc-189-0-0\"  class=\"panel-grid-cell\" ><div id=\"panel-189-0-0-0\" class=\"so-panel widget widget_black-studio-tinymce widget_black_studio_tinymce panel-first-child panel-last-child\" data-index=\"0\" ><h3 class=\"widget-title\">Eigenschaften<\/h3><div class=\"textwidget\"><p><span style=\"color: #333333;\"><strong>Mut (MU):<\/strong><\/span> <span style=\"color: #454545;\">die F\u00e4higkeit, in kritischen Situationen entschlossen und schnell zu handeln, aber auch Wagemut, keine Angst vor dem Neuen oder vor Risiken zu haben. Passiv eingesetzt steht Mut f\u00fcr eine hohe Willenskraft und geistige Z\u00e4higkeit, sowohl beim Widerstand gegen Zauberei als auch, wenn es darum geht, Schrecknissen ins Gesicht zu sehen.<\/span><\/p>\n<p><span style=\"color: #333333;\"><b>Klugheit (KL):<\/b><\/span> <span style=\"color: #454545;\">Dies sind Intelligenz und logisches Denkverm\u00f6gen, die F\u00e4higkeit, eine Situation St\u00fcck f\u00fcr St\u00fcck zu analysieren und daraus Schl\u00fcsse zu ziehen, das schnelle Erkennen von weltlichen und magischen Zusammenh\u00e4ngen. Eine hohe Klugheit steht auch f\u00fcr angesammeltes B\u00fccherwissen und ein gutes Ged\u00e4chtnis.<\/span><\/p>\n<p><span style=\"color: #333333;\"><b>Intuition (IN):<\/b><\/span> <span style=\"color: #454545;\">Die F\u00e4higkeit, richtige Entscheidungen zu treffen, ohne vorher lange zu \u00fcberlegen, oder die schnelle Einsch\u00e4tzung von Personen und Situationen, wenn die n\u00f6tigen Daten und Fakten fehlen. Auch ein gutes Einf\u00fchlungsverm\u00f6gen in Personen und die F\u00e4higkeit, sich mit den Schwingungen der astralen Kraft in Einklang zu bringen, werden vermittels der Intuition geregelt.<\/span><\/p>\n<p><span style=\"color: #333333;\"><b>Charisma (CH):<\/b> <\/span><span style=\"color: #454545;\">Dies repr\u00e4sentiert die pers\u00f6nliche Ausstrahlung, Redegewandtheit und F\u00fchrungsqualit\u00e4ten, die F\u00e4higkeiten, die eigene Stimme, Gestik und Mimik \u00fcberzeugend einzusetzen; auch die St\u00e4rke einer magischen Auroa ist mit dem Charisma-Wert verbunden.<\/span><\/p>\n<p><span style=\"color: #333333;\"><b>Fingerfertigkeit (FF):<\/b><\/span> <span style=\"color: #454545;\">Geschickter Einsatz der Finger, gute Koordination von Auge und Hand, vor allem bei so komplizierten Arbeiten wie Schreiben, Zeichnen, Fallen entsch\u00e4rfen und Schl\u00f6sser knacken; allgemein manuelle Geschicklichkeit.<\/span><\/p>\n<p><span style=\"color: #333333;\"><b>Gewandtheit (GE):<\/b><\/span> <span style=\"color: #454545;\">Allgemeine k\u00f6rperliche Beweglichkeit, schnelle Reaktionen und Reflexe, eine gute Einsch\u00e4tzung der eigenen Armreichweite, Sprungkraft usw., was sich bei hoher Gewandtheit in geschmeidigen Bewegungen \u00e4u\u00dfert.<\/span><\/p>\n<p><span style=\"color: #333333;\"><b>Konstitution (KO):<\/b><\/span> <span style=\"color: #454545;\">Diese fast ausschlie\u00dflich passiv eingesetzte Eigenschaft ist ein Ma\u00df f\u00fcr die k\u00f6rperliche Z\u00e4higkeit und Widerstandskraft, die F\u00e4higkeit, Krankheiten und Giften zu widerstehen, die Basis der Lebensenergie und der Ausdauer.<\/span><\/p>\n<p><span style=\"color: #333333;\"><b>K\u00f6rperkraft (KK):<\/b><\/span> <span style=\"color: #454545;\">Steht f\u00fcr das Vorhandensein von schierer Muskelkraft, vor allem aber die F\u00e4higkeit, sie planvoll einzusetzen, zusammen mit der Konstitution auch ein Ma\u00df f\u00fcr die allgemeine Gesundheit eines Helden.<\/span><\/p>\n<p><span style=\"color: #454545;\">Eigenschaftswerte bewegen sich f\u00fcr menschen\u00e4hnliche Wesen in einem Rahmen \u00fcblicherweise zwischen 1 und 21, wobei Werte zwischen 8 und 14 den Schwerpunkt bilden. Je h\u00f6her ein Wert eines Helden, desto h\u00f6her die Chance, dass er eine Probe besteht.<\/span><\/p>\n<p>&nbsp;<\/p>\n<p>&nbsp;<\/p>\n<h4>Eigenschaftsproben<\/h4>\n<p><span style=\"color: #454545;\">Immer wenn ein Held eine Aktion durchf\u00fchrt, deren Ausgang nicht von vornherein feststeht, wird eine Probe verlangt. Es wird diejenige Eigenschaft des Helden \u2018auf die Probe gestellt\u2019, die f\u00fcr das Gelingen der Aktion von entscheidender Bedeutung ist.<\/span><\/p>\n<p><span style=\"color: #454545;\">Bei einer Probe wird mit einem 20-seitigen W\u00fcrfel gew\u00fcrfelt. In einem DSA-Soloabenteuer geschieht dies nat\u00fcrlich automatisch. Die Probe ist gelungen, wenn das Resultat nicht h\u00f6her als der Wert der auf die Probe gestellten Eigenschaft ist.<\/span><\/p>\n<p><span style=\"color: #454545;\"><i>Bargosch will eine Fallt\u00fcr anheben. Dazu ist eine K\u00f6rperkraft-Probe n\u00f6tig. Er hat in K\u00f6rperkraft den Wert 14 und der Spieler w\u00fcrfelt eine 12. Die Probe ist gelungen.<img loading=\"lazy\" decoding=\"async\" class=\"alignright wp-image-286 size-full\" src=\"http:\/\/www.chromatrix.com\/wordpress\/wp-content\/uploads\/2014\/09\/Wuerfel_rot.png\" alt=\"Wuerfel_rot\" width=\"100\" height=\"116\" \/><\/i><\/span><\/p>\n<p><span style=\"color: #454545; font-style: normal;\">Je nach Situation k\u00f6nnen Proben erschwert oder erleichtert sein. Erschwerte Proben erhalten einen Zuschlag +[Zahl]. Diese Zahl wird auf den W\u00fcrfel addiert und dann mit dem Eigenschaftswert des Helden verglichen.<\/span><\/p>\n<p><span style=\"color: #454545;\"><i>W\u00e4re die Fallt\u00fcr eine schwere Eichent\u00fcr k\u00f6nnte die Probe um +3 erschwert sein. Bargosch w\u00e4re die Probe also misslungen, da die gew\u00fcrfelte 12 + 3 = 15 gr\u00f6\u00dfer als seine KK 14 ist.<\/i><\/span><\/p>\n<p><span style=\"color: #454545; font-style: normal;\">Erleichterte Proben erhalten einen Abschlag -[Zahl]. Um diese Zahl wird das W\u00fcrfelergebnis vermindert und dann mit dem Eigenschaftswert des Helden verglichen.<\/span><\/p>\n<p><span style=\"color: #454545;\"><i>Ist die Fallt\u00fcr hingegen morsch, w\u00e4re vielleicht eine K\u00f6rperkraft-Probe -4 verlangt. Die ist Bargosch sogar gelungen, wenn der Spieler eine 18 w\u00fcrfelt.<\/i><\/span><\/p>\n<p><span style=\"color: #454545;\"><strong>Das DSA-Regelwerk kennt auch Patzer und Gl\u00fccksw\u00fcrfe bei Proben.<\/strong><\/span><\/p>\n<p><span style=\"color: #454545;\">Zwei wichtige Werte spiegeln die k\u00f6rperliche Verfassung des Helden wieder:<a id=\"Eigenschaften_Funktioniere\"><\/a><\/span><\/p>\n<p>&nbsp;<\/p>\n<p>&nbsp;<\/p>\n<h4>Lebensenergie und Ausdauer<\/h4>\n<p><span style=\"color: #333333;\"><b>Lebensenergie (LE; unterteilt in Lebenspunkte):<\/b><\/span> <span style=\"color: #454545;\">Sie repr\u00e4sentiert, ob ein Held kleinere Blessuren oder gr\u00f6\u00dfere Wunden erlitten hat, und zeigt an, ob er dem Leben oder dem Tod n\u00e4her steht. Ein Held verf\u00fcgt \u00fcber eine bestimmte Anzahl Lebenspunkte. Die Menge wird ma\u00dfgeblich durch die Konstitution und die K\u00f6rperkraft bestimmt, aber auch andere Faktoren wie zum Beispiel die Rasse sind von Bedeutung. Wenn du also die Konstitution oder die K\u00f6rperkraft steigerst, kann sich auch die Lebensenergie und die Ausdauer erh\u00f6hen.<\/span><\/p>\n<p><span style=\"color: #454545;\">Lebenspunkte gehen meist durch Verletzungen verloren. Ein Held, dessen Lebenspunkte auf 5 oder darunter sinken, ist kampfunf\u00e4hig. Das gilt meist auch f\u00fcr andere menschen\u00e4hnliche Wesen. Es kann gut sein, dass damit ein Abenteuer schon gescheitert ist. Ein Held, dessen Lebensenergie auf unter 0 f\u00e4llt, ist so gut wie tot. Da dein Held in den DSA-Soloabenteuern auf sich alleine gestellt ist und deshalb von Gef\u00e4hrten keine Hilfe erwarten kann, tritt sein Tod in der Regel auch ein und das Abenteuer ist definitiv gescheitert.<\/span><\/p>\n<p><span style=\"color: #454545;\">Lebenspunkte k\u00f6nnen regeneriert werden, in dem ein Held etwa sechs Stunden schl\u00e4ft. Das ist einmal innerhalb von 24 Stunden m\u00f6glich. Aber nat\u00fcrlich muss dein Held diese Gelegenheit in einem Abenteuer erst einmal haben. Zeit zum Ausruhen gibt es meist wenig. - Besser wirkt da schon ein Heiltrank. Wenn du einen im Abenteuer findest, nimm ihn mit. Er befindet sich in deinem Inventar, das du jederzeit mit Ausnahme innerhalb eines Kampfes oder w\u00e4hrend einer Probe \u00f6ffnen kannst. Indem du den Heiltrank ausw\u00e4hlst, trinkst du ihn. Er bringt dir Lebenspunkte zur\u00fcck, aber niemals mehr als das Maximum deines Helden. Also gehe sorgsam damit um.<\/span><\/p>\n<p><span style=\"color: #333333;\"><b>Ausdauer (AU; unterteilt in Ausdauerpunkte):<\/b><\/span> <span style=\"color: #454545;\">Sie zeigt an, wie sehr \u2018au\u00dfer Puste\u2019 ein Held ist und ob er noch weitere k\u00f6rperliche Anstrengungen unternehmen kann.<\/span><\/p>\n<p><span style=\"color: #454545;\">Sinkt die Ausdauer auf 0, ist der Held v\u00f6llig ersch\u00f6pft und handlungsunf\u00e4hig. Die Ausdauer l\u00e4sst sich meist vollst\u00e4ndig in wengier als einer Stunde regenerieren. (Damit ist nat\u00fcrlich die Zeit im Abenteuer gemeint und nicht die Zeit, die du real spielst. Falls die Ausdauer von Bedeutung ist, erf\u00e4hrst du alles ganz automatisch im Spiel.)<\/span><\/p>\n<p><span style=\"color: #454545;\">\u00a0<\/span><\/p>\n<p>&nbsp;<\/p>\n<h4>Sozialstatus<\/h4>\n<p><span style=\"color: #454545;\">Auch wenn viele Helden in der Wildnis und in finsteren Kellern ihre Abenteuer erleben, so haben sie dennoch eine \u2018gesellschaftliche Umwelt\u2019, ein soziales Umfeld aus Bekannten und Kontakten. \u00dcberall, wo Menschen zusammenkommen, um miteinander zu handeln, zu feiern oder G\u00f6tterdienst zu halten, ist es nicht nur wichtig, \u2018wer\u2019 man ist, sondern \u2018was\u2019 man ist ...<\/span><\/p>\n<p><span style=\"color: #454545;\">Wie hoch in diesem Geflecht von Beziehungen der Held angeordnet ist, dar\u00fcber gibt der <strong>Sozialstatus<\/strong> Auskunft, der Werte zwischen 1 und 21 annehmen kann, wobei der erste Wert zum Beispiel f\u00fcr entlaufene Leibeigene gilt, die sich mit Bettelei in einer der gro\u00dfen St\u00e4dte durchschlagen, w\u00e4hrend der zweite Wert dem Status der Kaiser des Mittel- und Horasreichs entspricht. Der Sozialstatus ist der einzige Wert, den du bei deinem Helden nicht selbst durch Abenteuerpunkte steigern kannst. Diese Anerkennung (Steigerung) wird nur von einflussreichen Personen verliehen.<\/span><\/p>\n<p>&nbsp;<\/p>\n<p>&nbsp;<\/p>\n<\/div><\/div><\/div><\/div><div id=\"pg-189-1\"  class=\"panel-grid panel-no-style\" ><div id=\"pgc-189-1-0\"  class=\"panel-grid-cell panel-grid-cell-empty\" ><\/div><\/div><div id=\"pg-189-2\"  class=\"panel-grid panel-no-style\" ><div id=\"pgc-189-2-0\"  class=\"panel-grid-cell\" ><div id=\"panel-189-2-0-0\" class=\"so-panel widget widget_black-studio-tinymce widget_black_studio_tinymce panel-first-child panel-last-child\" data-index=\"1\" ><div class=\"textwidget\"><h4 style=\"text-align: center;\"><a href=\"\/wordpress\/dsa-games-de\/\"><img loading=\"lazy\" decoding=\"async\" class=\"aligncenter wp-image-1640\" src=\"http:\/\/www.chromatrix.com\/wordpress\/wp-content\/uploads\/2014\/11\/DSA-Games.jpg\" alt=\"\" width=\"72\" height=\"72\" srcset=\"https:\/\/www.chromatrix.com\/wordpress\/wp-content\/uploads\/2014\/11\/DSA-Games.jpg 163w, https:\/\/www.chromatrix.com\/wordpress\/wp-content\/uploads\/2014\/11\/DSA-Games-150x150.jpg 150w, https:\/\/www.chromatrix.com\/wordpress\/wp-content\/uploads\/2014\/11\/DSA-Games-157x157.jpg 157w\" sizes=\"auto, (max-width: 72px) 100vw, 72px\" \/><\/a><\/h4>\n<h4 style=\"text-align: center;\"><a href=\"\/wordpress\/dsa-games-de\/\"><span style=\"color: #000000;\"><span style=\"color: #000000;\"><strong>DSA-Hauptseite \u00bb<\/strong><\/span><\/span><\/a><\/h4>\n<p style=\"text-align: center;\"><span style=\"color: #333333;\">Hier kommst du zur DSA Startseite zur\u00fcck und erf\u00e4hrst <\/span><br \/><span style=\"color: #333333;\">mehr \u00fcber die <span style=\"color: #333333;\">Welt.<\/span><a href=\"\/wordpress\/dsa-games-de\/\"><span style=\"color: #333333;\"><strong> \u00bb<\/strong><\/span><\/a><\/span><\/p>\n<p style=\"text-align: center;\">\u00a0<\/p>\n<\/div><\/div><\/div><div id=\"pgc-189-2-1\"  class=\"panel-grid-cell\" ><div id=\"panel-189-2-1-0\" class=\"so-panel widget widget_black-studio-tinymce widget_black_studio_tinymce panel-first-child panel-last-child\" data-index=\"2\" ><div class=\"textwidget\"><h4 style=\"text-align: center;\"><a href=\"\/wordpress\/archetypen\"><img loading=\"lazy\" decoding=\"async\" class=\"aligncenter wp-image-835\" src=\"http:\/\/www.chromatrix.com\/wordpress\/wp-content\/uploads\/2014\/09\/ArchetypenIcon.jpg\" alt=\"ArchetypenIcon\" width=\"72\" height=\"72\" srcset=\"https:\/\/www.chromatrix.com\/wordpress\/wp-content\/uploads\/2014\/09\/ArchetypenIcon.jpg 178w, https:\/\/www.chromatrix.com\/wordpress\/wp-content\/uploads\/2014\/09\/ArchetypenIcon-150x150.jpg 150w, https:\/\/www.chromatrix.com\/wordpress\/wp-content\/uploads\/2014\/09\/ArchetypenIcon-157x157.jpg 157w\" sizes=\"auto, (max-width: 72px) 100vw, 72px\" \/><\/a><br \/> <span style=\"color: #000000;\"><a href=\"\/wordpress\/archetypen\"><span style=\"color: #000000;\"><strong>Archetypen \u00bb<\/strong><\/span><\/a><\/span><\/h4>\n<p style=\"text-align: center;\"><span style=\"color: #333333;\">Hier kannst du mehr \u00fcber die verschiedenen Archetypen <\/span><br \/><span style=\"color: #333333;\">des DSA-Games<\/span> <span style=\"color: #000000;\"><span style=\"color: #000000;\">herausfinden.<\/span><a href=\"\/wordpress\/archetypen\"><span style=\"color: #000000;\"> \u00bb<\/span><\/a><\/span><\/p>\n<p style=\"text-align: center;\">\u00a0<\/p>\n<\/div><\/div><\/div><div id=\"pgc-189-2-2\"  class=\"panel-grid-cell\" ><div id=\"panel-189-2-2-0\" class=\"so-panel widget widget_black-studio-tinymce widget_black_studio_tinymce panel-first-child panel-last-child\" data-index=\"3\" ><div class=\"textwidget\"><h4 style=\"text-align: center;\"><a href=\"\/wordpress\/talente-de\/\"><img loading=\"lazy\" decoding=\"async\" class=\"aligncenter wp-image-840\" src=\"http:\/\/www.chromatrix.com\/wordpress\/wp-content\/uploads\/2014\/09\/TalenteIcon.jpg\" alt=\"\" width=\"72\" height=\"72\" srcset=\"https:\/\/www.chromatrix.com\/wordpress\/wp-content\/uploads\/2014\/09\/TalenteIcon.jpg 179w, https:\/\/www.chromatrix.com\/wordpress\/wp-content\/uploads\/2014\/09\/TalenteIcon-150x150.jpg 150w, https:\/\/www.chromatrix.com\/wordpress\/wp-content\/uploads\/2014\/09\/TalenteIcon-157x157.jpg 157w\" sizes=\"auto, (max-width: 72px) 100vw, 72px\" \/><\/a><br \/> <a href=\"\/wordpress\/talente-de\/\"><span style=\"color: #000000;\"><span style=\"color: #000000;\"><strong>Talente \u00bb<\/strong><\/span><\/span><\/a><\/h4>\n<p style=\"text-align: center;\"><span style=\"color: #333333;\">Hier erf\u00e4hrst du mehr \u00fcber Talente und <\/span><br \/><span style=\"color: #333333;\">Sonderf\u00e4higkeiten der <\/span><span style=\"color: #000000;\"><span style=\"color: #333333;\">Klassen. <\/span><a href=\"\/wordpress\/talente-de\/\"><strong><span style=\"color: #000000;\">\u00bb<\/span><\/strong><\/a><\/span><\/p>\n<\/div><\/div><\/div><\/div><div id=\"pg-189-3\"  class=\"panel-grid panel-no-style\" ><div id=\"pgc-189-3-0\"  class=\"panel-grid-cell\" ><div id=\"panel-189-3-0-0\" class=\"so-panel widget widget_black-studio-tinymce widget_black_studio_tinymce panel-first-child panel-last-child\" data-index=\"4\" ><div class=\"textwidget\"><h4 style=\"text-align: center;\"><a href=\"\/wordpress\/kampfsystem-de\/\"><img loading=\"lazy\" decoding=\"async\" class=\"aligncenter wp-image-1641\" src=\"http:\/\/www.chromatrix.com\/wordpress\/wp-content\/uploads\/2014\/11\/KampfsystemIcon.jpg\" alt=\"\" width=\"72\" height=\"72\" srcset=\"https:\/\/www.chromatrix.com\/wordpress\/wp-content\/uploads\/2014\/11\/KampfsystemIcon.jpg 177w, https:\/\/www.chromatrix.com\/wordpress\/wp-content\/uploads\/2014\/11\/KampfsystemIcon-150x150.jpg 150w, https:\/\/www.chromatrix.com\/wordpress\/wp-content\/uploads\/2014\/11\/KampfsystemIcon-157x157.jpg 157w\" sizes=\"auto, (max-width: 72px) 100vw, 72px\" \/><\/a><\/h4>\n<h4 style=\"text-align: center;\"><a href=\"\/wordpress\/kampfsystem\"><span style=\"color: #000000;\"><span style=\"color: #000000;\"><strong>Kampfsystem \u00bb<\/strong><\/span><\/span><\/a><\/h4>\n<p style=\"text-align: center;\"><span style=\"color: #333333;\">Hier kannst du mehr \u00fcber den Kampfverlauf und die<br \/> Kampfwerte herausfinden\u00a0<a href=\"\/wordpress\/kampfsystem\"><span style=\"color: #333333;\">\u00bb<\/span><\/a><\/span><\/p>\n<p style=\"text-align: center;\">\u00a0<\/p>\n<\/div><\/div><\/div><div id=\"pgc-189-3-1\"  class=\"panel-grid-cell\" ><div id=\"panel-189-3-1-0\" class=\"so-panel widget widget_black-studio-tinymce widget_black_studio_tinymce panel-first-child panel-last-child\" data-index=\"5\" ><div class=\"textwidget\"><h4 style=\"text-align: center;\"><a href=\"\/wordpress\/waffe-de\/\"><img loading=\"lazy\" decoding=\"async\" class=\"aligncenter wp-image-1644\" src=\"http:\/\/www.chromatrix.com\/wordpress\/wp-content\/uploads\/2014\/11\/WaffenIcon.jpg\" alt=\"\" width=\"72\" height=\"72\" srcset=\"https:\/\/www.chromatrix.com\/wordpress\/wp-content\/uploads\/2014\/11\/WaffenIcon.jpg 177w, https:\/\/www.chromatrix.com\/wordpress\/wp-content\/uploads\/2014\/11\/WaffenIcon-150x150.jpg 150w, https:\/\/www.chromatrix.com\/wordpress\/wp-content\/uploads\/2014\/11\/WaffenIcon-157x157.jpg 157w\" sizes=\"auto, (max-width: 72px) 100vw, 72px\" \/><\/a><\/h4>\n<h4 style=\"text-align: center;\"><a href=\"\/wordpress\/waffe\"><span style=\"color: #000000;\"><span style=\"color: #000000;\"><strong>Waffen \u00bb<\/strong><\/span><\/span><\/a><\/h4>\n<p style=\"text-align: center;\"><span style=\"color: #333333;\">Hier erf\u00e4hrst du mehr \u00fcber die unterschiedlichen <\/span><br \/><span style=\"color: #333333;\">Waffentypen von<\/span><span style=\"color: #000000;\"><span style=\"color: #333333;\"> DSA.<\/span><a href=\"\/wordpress\/waffe\"><span style=\"color: #000000;\"> <strong>\u00bb<\/strong><\/span><\/a><\/span><\/p>\n<p style=\"text-align: center;\">\u00a0<\/p>\n<\/div><\/div><\/div><div id=\"pgc-189-3-2\"  class=\"panel-grid-cell\" ><div id=\"panel-189-3-2-0\" class=\"so-panel widget widget_black-studio-tinymce widget_black_studio_tinymce panel-first-child panel-last-child\" data-index=\"6\" ><div class=\"textwidget\"><h4 style=\"text-align: center;\"><a href=\"\/wordpress\/ruestungen\"><img loading=\"lazy\" decoding=\"async\" class=\"aligncenter wp-image-839\" src=\"http:\/\/www.chromatrix.com\/wordpress\/wp-content\/uploads\/2014\/09\/RustungenIcon.jpg\" alt=\"\" width=\"71\" height=\"72\" srcset=\"https:\/\/www.chromatrix.com\/wordpress\/wp-content\/uploads\/2014\/09\/RustungenIcon.jpg 177w, https:\/\/www.chromatrix.com\/wordpress\/wp-content\/uploads\/2014\/09\/RustungenIcon-148x150.jpg 148w, https:\/\/www.chromatrix.com\/wordpress\/wp-content\/uploads\/2014\/09\/RustungenIcon-157x157.jpg 157w\" sizes=\"auto, (max-width: 71px) 100vw, 71px\" \/><\/a><br \/> <a href=\"\/wordpress\/ruestungen\"><span style=\"color: #000000;\"><span style=\"color: #000000;\"><strong>R\u00fcstungen \u00bb<\/strong><\/span><\/span><\/a><\/h4>\n<p style=\"text-align: center;\"><span style=\"color: #333333;\">Hier erf\u00e4hrst du mehr \u00fcber die unterschiedlichen<\/span><br \/><span style=\"color: #333333;\"> R\u00fcstungen von <\/span><span style=\"color: #000000;\"><span style=\"color: #333333;\">DSA.<\/span><a href=\"\/wordpress\/ruestungen\"><span style=\"color: #000000;\"> <strong>\u00bb<\/strong><\/span><\/a><\/span><\/p>\n<\/div><\/div><\/div><\/div><div id=\"pg-189-4\"  class=\"panel-grid panel-no-style\" ><div id=\"pgc-189-4-0\"  class=\"panel-grid-cell panel-grid-cell-empty\" ><\/div><div id=\"pgc-189-4-1\"  class=\"panel-grid-cell panel-grid-cell-empty panel-grid-cell-mobile-last\" ><\/div><div id=\"pgc-189-4-2\"  class=\"panel-grid-cell panel-grid-cell-empty\" ><\/div><\/div><div id=\"pg-189-5\"  class=\"panel-grid panel-no-style\" ><div id=\"pgc-189-5-0\"  class=\"panel-grid-cell\" ><div id=\"panel-189-5-0-0\" class=\"so-panel widget widget_black-studio-tinymce widget_black_studio_tinymce panel-first-child panel-last-child\" data-index=\"7\" ><div class=\"textwidget\"><h4 style=\"text-align: center;\"><a href=\"\/wordpress\/titelbilder\"><img loading=\"lazy\" decoding=\"async\" class=\"aligncenter wp-image-841\" src=\"http:\/\/www.chromatrix.com\/wordpress\/wp-content\/uploads\/2014\/09\/TitelbilderIcon.jpg\" alt=\"\" width=\"72\" height=\"72\" srcset=\"https:\/\/www.chromatrix.com\/wordpress\/wp-content\/uploads\/2014\/09\/TitelbilderIcon.jpg 178w, https:\/\/www.chromatrix.com\/wordpress\/wp-content\/uploads\/2014\/09\/TitelbilderIcon-150x150.jpg 150w, https:\/\/www.chromatrix.com\/wordpress\/wp-content\/uploads\/2014\/09\/TitelbilderIcon-157x157.jpg 157w\" sizes=\"auto, (max-width: 72px) 100vw, 72px\" \/><\/a><br \/> <a href=\"\/wordpress\/titelbilder\"><span style=\"color: #000000;\"><span style=\"color: #000000;\"><strong>Titelbilder \u00bb<\/strong><\/span><\/span><\/a><\/h4>\n<p style=\"text-align: center;\"><span style=\"color: #333333;\">Hier kannst du dir die einzelnen Titelbilder der <\/span><br \/><span style=\"color: #333333;\">DSA-Game Abenteuer <\/span><span style=\"color: #000000;\"><span style=\"color: #333333;\">ansehen.<\/span><a href=\"\/wordpress\/titelbilder\"><span style=\"color: #000000;\"> <strong>\u00bb<\/strong><\/span><\/a><\/span><\/p>\n<p style=\"text-align: center;\">\u00a0<\/p>\n<p style=\"text-align: center;\">\u00a0<\/p>\n<\/div><\/div><\/div><\/div><div id=\"pg-189-6\"  class=\"panel-grid panel-no-style\" ><div id=\"pgc-189-6-0\"  class=\"panel-grid-cell\" ><div id=\"panel-189-6-0-0\" class=\"so-panel widget widget_black-studio-tinymce widget_black_studio_tinymce panel-first-child\" data-index=\"8\" ><div class=\"textwidget\"><p style=\"text-align: center;\"><strong>Hier kannst du das DSA-Game direkt ausprobieren!<\/strong><\/p>\n<\/div><\/div><div id=\"panel-189-6-0-1\" class=\"so-panel widget widget_origin_button panel-last-child\" data-index=\"9\" ><div class=\"origin-widget origin-widget-button origin-widget-button-simple-white align-center\"><a href=\"http:\/\/www.dsa-games.de\/\" \ntarget=\"_blank\" rel=\"noopener noreferrer\">\n\tZum DSA Spiel<\/a>\n<\/div><\/div><\/div><\/div><div id=\"pg-189-7\"  class=\"panel-grid panel-no-style\" ><div id=\"pgc-189-7-0\"  class=\"panel-grid-cell panel-grid-cell-empty\" ><\/div><\/div><\/div>","protected":false},"excerpt":{"rendered":"<p>EigenschaftenMut (MU): die F\u00e4higkeit, in kritischen Situationen entschlossen und schnell zu handeln, aber auch Wagemut, keine Angst vor dem Neuen oder vor Risiken zu haben. Passiv eingesetzt steht Mut f\u00fcr eine hohe Willenskraft und geistige Z\u00e4higkeit, sowohl beim Widerstand gegen Zauberei als auch, wenn es darum geht, Schrecknissen ins Gesicht zu sehen. Klugheit (KL): Dies [&hellip;]<\/p>\n","protected":false},"author":1,"featured_media":0,"parent":0,"menu_order":0,"comment_status":"closed","ping_status":"closed","template":"templates\/template-full-notitle.php","meta":{"footnotes":"","_links_to":"","_links_to_target":""},"class_list":["post-189","page","type-page","status-publish","hentry","post"],"_links":{"self":[{"href":"https:\/\/www.chromatrix.com\/wordpress\/wp-json\/wp\/v2\/pages\/189","targetHints":{"allow":["GET"]}}],"collection":[{"href":"https:\/\/www.chromatrix.com\/wordpress\/wp-json\/wp\/v2\/pages"}],"about":[{"href":"https:\/\/www.chromatrix.com\/wordpress\/wp-json\/wp\/v2\/types\/page"}],"author":[{"embeddable":true,"href":"https:\/\/www.chromatrix.com\/wordpress\/wp-json\/wp\/v2\/users\/1"}],"replies":[{"embeddable":true,"href":"https:\/\/www.chromatrix.com\/wordpress\/wp-json\/wp\/v2\/comments?post=189"}],"version-history":[{"count":1,"href":"https:\/\/www.chromatrix.com\/wordpress\/wp-json\/wp\/v2\/pages\/189\/revisions"}],"predecessor-version":[{"id":2444,"href":"https:\/\/www.chromatrix.com\/wordpress\/wp-json\/wp\/v2\/pages\/189\/revisions\/2444"}],"wp:attachment":[{"href":"https:\/\/www.chromatrix.com\/wordpress\/wp-json\/wp\/v2\/media?parent=189"}],"curies":[{"name":"wp","href":"https:\/\/api.w.org\/{rel}","templated":true}]}}